1920 a multiple of 16?
True
Is 1395 a multiple of 5?
True
Does 27 divide 33711?
False
Does 15 divide 120?
True
Is 303 a multiple of 3?
True
Is 150 a multiple of 5?
True
Does 6 divide 48?
True
Is 19 a factor of 34?
False
Is 2812 a multiple of 76?
True
Is 350 a multiple of 25?
True
Does 52 divide 6708?
True
Is 41040 a multiple of 25?
False
Does 26 divide 260?
True
Does 276 divide 19320?
True
Is 39 a factor of 4893?
False
Is 11925 a multiple of 15?
True
Is 17 a factor of 170?
True
Is 4620 a multiple of 220?
True
Does 5 divide 4902?
False
Is 39 a factor of 936?
True
Is 32 a factor of 3008?
True
Is 47 a factor of 8046?
False
Is 16 a factor of 5744?
True
Is 14 a factor of 1190?
True
Does 14 divide 14871?
False
Is 661 a multiple of 76?
False
Is 9765 a multiple of 105?
True
Is 2892 a multiple of 12?
True
Is 45 a factor of 17138?
False
Is 31 a factor of 65767?
False
Is 432 a multiple of 18?
True
Does 12 divide 588?
True
Is 103 a multiple of 10?
False
Is 1860 even?
True
Is 2387 a multiple of 24?
False
Is 8 a factor of 14585?
False
Is 61 a factor of 5490?
True
Is 7 a factor of 301?
True
Is 3162 a multiple of 62?
True
Is 1617 a multiple of 49?
True
Does 132 divide 58973?
False
Does 17 divide 16871?
False
Is 6 a factor of 21396?
True
Is 12075 a multiple of 69?
True
Does 3 divide 1798?
False
Is 1682 a multiple of 61?
False
Is 18 a factor of 24318?
True
Is 30 a factor of 7626?
False
Is 19 a factor of 18772?
True
Is 2522 a multiple of 6?
False
Is 87 a factor of 4263?
True
Does 40 divide 2960?
True
Does 40 divide 5520?
True
Is 42 a factor of 11471?
False
Does 8 divide 1120?
True
Is 168 a factor of 169735?
False
Is 16639 a multiple of 11?
False
Does 23 divide 758?
False
Does 19 divide 3952?
True
Is 14 a factor of 910?
True
Is 1051 a multiple of 3?
False
Does 30 divide 4323?
False
Is 5236 a multiple of 77?
True
Is 1263 a multiple of 6?
False
Is 342 a multiple of 8?
False
Does 9 divide 4419?
True
Is 5 a factor of 455?
True
Is 42 a factor of 4199?
False
Does 24 divide 1860?
False
Is 64 a factor of 161536?
True
Is 3178 a multiple of 81?
False
Is 76 a factor of 647?
False
Is 11 a factor of 3274?
False
Does 29 divide 7272?
False
Does 2 divide 62?
True
Is 714 a multiple of 16?
False
Does 70 divide 52345?
False
Does 9 divide 47533?
False
Is 6156 a multiple of 54?
True
Does 19 divide 3971?
True
Does 131 divide 404?
False
Is 14058 a multiple of 142?
True
Does 26 divide 9984?
True
Is 164 a factor of 6750?
False
Does 7 divide 232?
False
Does 28 divide 3052?
True
Is 42 a factor of 3218?
False
Is 7 a factor of 51002?
True
Is 44 a factor of 128?
False
Is 115 a factor of 1035?
True
Is 6 a factor of 10922?
False
Is 8 a factor of 200?
True
Is 13766 a multiple of 75?
False
Does 20 divide 12825?
False
Is 15 a factor of 1062?
False
Is 15500 a multiple of 50?
True
Is 3104 a multiple of 32?
True
Is 22 a factor of 2486?
True
Does 39 divide 4407?
True
Does 46 divide 789?
False
Is 10 a multiple of 3?
False
Is 135 a factor of 25184?
False
Does 71 divide 497?
True
Is 41 a factor of 37474?
True
Is 2022 a multiple of 6?
True
Is 752 a multiple of 15?
False
Does 76 divide 12616?
True
Does 91 divide 1961?
False
Is 425 even?
False
Is 18906 a multiple of 5?
False
Is 14 a factor of 652?
False
Is 53 a factor of 1802?
True
Does 17 divide 85?
True
Is 3 a factor of 890?
False
Is 21 a factor of 546?
True
Does 63 divide 1323?
True
Is 22 a factor of 2288?
True
Is 36 a factor of 4860?
True
Is 25 a factor of 325?
True
Is 2248 a multiple of 8?
True
Does 180 divide 6450?
False
Is 5681 a multiple of 23?
True
Does 15 divide 21621?
False
Does 2 divide 4185?
False
Is 9 a factor of 1062?
True
Is 1643 a multiple of 31?
True
Is 5 a factor of 445?
True
Is 56 a factor of 70422?
False
Does 87 divide 6502?
False
Does 21 divide 3570?
True
Does 10 divide 550?
True
Is 38 a multiple of 19?
True
Is 23 a factor of 16153?
False
Is 4 a factor of 56?
True
Is 1749 a multiple of 8?
False
Is 17792 a multiple of 32?
True
Does 72 divide 346?
False
Is 3 a factor of 626?
False
Does 49 divide 80720?
False
Is 4 a factor of 464?
True
Does 15 divide 5587?
False
Is 37 a factor of 481?
True
Does 89 divide 267?
True
Is 2767 a multiple of 30?
False
Does 29 divide 28362?
True
Is 16779 a multiple of 31?
False
Is 7094 a multiple of 8?
False
Is 12 a factor of 443?
False
Is 1166 a multiple of 11?
True
Is 25 a factor of 6525?
True
Does 30 divide 931?
False
Does 43 divide 2887?
False
Is 32 a factor of 23200?
True
Is 5940 a multiple of 9?
True
Is 260 a factor of 23140?
True
Is 4 a factor of 268?
True
Is 23 a factor of 357?
False
Is 55 a multiple of 25?
False
Is 33 a factor of 495?
True
Is 12367 a multiple of 145?
False
Is 10 a factor of 16823?
False
Does 36 divide 36072?
True
Does 91 divide 17864?
False
Is 2 a factor of 1173?
False
Is 45 a factor of 539?
False
Is 15 a factor of 1650?
True
Is 499 a multiple of 11?
False
Is 1141 a multiple of 23?
False
Is 7 a factor of 11697?
True
Is 1899 a multiple of 6?
False
Is 977 a multiple of 2?
False
Is 1440 a multiple of 2?
True
Does 32 divide 2743?
False
Does 40 divide 36176?
False
Is 62 a factor of 12042?
False
Is 4068 a multiple of 226?
True
Is 5715 a multiple of 13?
False
Is 24 a factor of 3007?
False
Is 10 a factor of 1251?
False
Does 103 divide 45403?
False
Does 9 divide 18297?
True
Is 1173 a multiple of 51?
True
Does 9 divide 16047?
True
Is 272 a multiple of 8?
True
Is 2112 a multiple of 96?
True
Does 45 divide 613?
False
Does 21 divide 1884?
False
Is 25041 a multiple of 11?
False
Does 164 divide 6232?
True
Is 5 a factor of 498?
False
Is 4 a factor of 2016?
True
Does 18 divide 6169?
False
Is 16320 a multiple of 137?
False
Is 7940 a multiple of 47?
False
Does 46 divide 9942?
False
Is 82 a multiple of 2?
True
Does 3 divide 381?
True
Is 2 a factor of 62?
True
Is 1080 a multiple of 8?
True
Is 24 a factor of 7008?
True
Is 14 a factor of 140?
True
Does 113 divide 2873?
False
Is 927 a multiple of 8?
False
Is 8497 a multiple of 128?
False
Does 19 divide 858?
False
Does 40 divide 847?
False
Is 366 a multiple of 61?
True
Does 42 divide 630?
True
Is 379 a multiple of 3?
False
Does 13 divide 1571?
False
Is 19 a factor of 402?
False
Does 31 divide 11625?
True
Is 1242 a multiple of 46?
True
Is 684 a multiple of 33?
False
Does 54 divide 66904?
False
Is 26 a factor of 87514?
False
Does 13 divide 669?
False
Is 8 a factor of 608?
True
Does 109 divide 18732?
False
Is 676 a multiple of 35?
False
Does 7 divide 10392?
False
Does 6 divide 6657?
False
Is 14 a factor of 73897?
False
Is 6 a factor of 586?
False
Is 23 a factor of 2231?
True
Does 65 divide 3850?
False
Does 36 divide 60696?
True
Does 15 divide 298?
False
Is 70 a multiple of 20?
False
Is 3120 a multiple of 6?
True
Does 12 divide 110628?
True
Is 52 a multiple of 21?
False
Is 12 a factor of 4096?
False
Is 11 a factor of 473?
True
Does 20 divide 1260?
True
Is 11 a factor of 8800?
True
Does 88 divide 10560?
True
Does 20 divide 43792?
False
Is 519 a multiple of 6?
False
Is 6390 a multiple of 18?
True
Is 77 a factor of 14884?
False
Does 47 divide 47?
True
Does 31 divide 34?
False
Is 1184 a multiple of 37?
True
Is 690 a multiple of 4?
False
Does 13 divide 114?
False
Does 12 divide 596?
False
Is 23 a factor of 816?
False
Is 3 a factor of 1521?
True
Does 20 divide 40080?
True
Is 14 a factor of 6417?
False
Is 2 a factor of 62?
True
Does 70 divide 560?
True
Is 17 a factor of 867?
True
Is 35 a factor of 140?
True
Does 107 divide 428?
True
Is 18 a factor of 3931?
False
Does 33 divide 3813?
False
Is 63 a multiple of 7?
True
Is 9 a factor of 31121?
False
Is 67 a factor of 11396?
False
Does 62 divide 7626?
True
Is 38 a factor of 1597?
False
Does 7 divide 1149?
False
Does 13 divide 96?
False
Does 10 divide 7846?
False
Is 17 a factor of 850?
True
Is 7 a factor of 201?
False
Does 3 divide 3437?
False
Is 63 a factor of 3712?
False
Is 8090 a multiple of 96?
False
Is 19 a factor of 332?
False
Is 450 a multiple of 17?
False
Is 2560 a multiple of 9?
False
Is 2118 a multiple of 42?
False
Is 6036 a multiple of 132?
False
Is 11 a factor of 97?
False
Does 9 divide 4691?
False
Is 45209 a multiple of 53?
True
Is 429 a multiple of 12?
False
Is 849 a multiple of 3?
True
Is 13 a factor of 6635?
False
Is 58 a factor of 592?
False
Is 37 a factor of 5882?
False
Does 10 divide 459?
False
Is 2238 e